the units digit of 100897?
7
What is the tens digit of 71278?
7
What is the tens digit of 2164636?
3
What is the hundred thousands digit of 36865465?
8
What is the units digit of 5665238?
8
What is the hundreds digit of 147707?
7
What is the hundred thousands digit of 1223868?
2
What is the tens digit of 36311996?
9
What is the thousands digit of 8288451?
8
What is the tens digit of 17226027?
2
What is the thousands digit of 122187?
2
What is the hundreds digit of 4863426?
4
What is the tens digit of 3981360?
6
What is the ten thousands digit of 50087?
5
What is the thousands digit of 368692?
8
What is the ten thousands digit of 1350534?
5
What is the units digit of 5686295?
5
What is the hundreds digit of 1666917?
9
What is the tens digit of 4981255?
5
What is the units digit of 19157815?
5
What is the millions digit of 25047901?
5
What is the tens digit of 186994?
9
What is the tens digit of 355746?
4
What is the hundreds digit of 2279132?
1
What is the hundreds digit of 11383243?
2
What is the thousands digit of 4140?
4
What is the units digit of 2701881?
1
What is the ten thousands digit of 821323?
2
What is the hundreds digit of 1546323?
3
What is the units digit of 400146?
6
What is the tens digit of 218001?
0
What is the thousands digit of 27247961?
7
What is the tens digit of 79603?
0
What is the hundred thousands digit of 1106222?
1
What is the millions digit of 3591964?
3
What is the thousands digit of 1701824?
1
What is the hundreds digit of 136892?
8
What is the thousands digit of 480122?
0
What is the tens digit of 1052258?
5
What is the millions digit of 2355478?
2
What is the ten thousands digit of 13188155?
8
What is the tens digit of 28069?
6
What is the hundreds digit of 1104446?
4
What is the hundred thousands digit of 303830?
3
What is the units digit of 297063?
3
What is the units digit of 2080158?
8
What is the thousands digit of 206562?
6
What is the units digit of 4156094?
4
What is the hundred thousands digit of 10348579?
3
What is the tens digit of 124512?
1
What is the millions digit of 1214900?
1
What is the thousands digit of 677965?
7
What is the thousands digit of 5158207?
8
What is the tens digit of 281442?
4
What is the tens digit of 649254?
5
What is the units digit of 4672345?
5
What is the hundred thousands digit of 18092590?
0
What is the units digit of 215390?
0
What is the thousands digit of 102200?
2
What is the units digit of 18562902?
2
What is the tens digit of 2478685?
8
What is the units digit of 87047?
7
What is the units digit of 159322?
2
What is the tens digit of 10138723?
2
What is the hundreds digit of 20543005?
0
What is the tens digit of 282703?
0
What is the thousands digit of 619046?
9
What is the thousands digit of 1835420?
5
What is the hundreds digit of 12523863?
8
What is the thousands digit of 160140?
0
What is the hundred thousands digit of 371987?
3
What is the units digit of 6914227?
7
What is the units digit of 105358?
8
What is the hundred thousands digit of 935635?
9
What is the hundred thousands digit of 150923?
1
What is the ten millions digit of 12100201?
1
What is the millions digit of 6523406?
6
What is the hundred thousands digit of 3284077?
2
What is the ten thousands digit of 3282859?
8
What is the hundreds digit of 3982532?
5
What is the hundred thousands digit of 3888296?
8
What is the millions digit of 5077803?
5
What is the hundred thousands digit of 639677?
6
What is the tens digit of 5099537?
3
What is the hundred thousands digit of 195414?
1
What is the ten thousands digit of 1549906?
4
What is the tens digit of 22574385?
8
What is the tens digit of 45474?
7
What is the tens digit of 204327?
2
What is the ten thousands digit of 173029?
7
What is the millions digit of 5564656?
5
What is the hundred thousands digit of 4119312?
1
What is the units digit of 9178423?
3
What is the tens digit of 1262250?
5
What is the ten thousands digit of 1176227?
7
What is the hundred thousands digit of 841491?
8
What is the ten thousands digit of 50085?
5
What is the tens digit of 2594247?
4
What is the hundred thousands digit of 3850645?
8
What is the units digit of 504250?
0
What is the hundred thousands digit of 1452046?
4
What is the hundred thousands digit of 2967578?
9
What is the hundreds digit of 30815?
8
What is the thousands digit of 25904?
5
What is the tens digit of 407154?
5
What is the units digit of 1160155?
5
What is the tens digit of 19887?
8
What is the units digit of 272296?
6
What is the ten thousands digit of 415067?
1
What is the tens digit of 5337770?
7
What is the tens digit of 14197598?
9
What is the tens digit of 15092?
9
What is the units digit of 85353?
3
What is the hundred thousands digit of 161235?
1
What is the hundreds digit of 3019727?
7
What is the ten thousands digit of 1470555?
7
What is the tens digit of 10350860?
6
What is the ten thousands digit of 5155125?
5
What is the hundred thousands digit of 2859765?
8
What is the units digit of 116603?
3
What is the tens digit of 477403?
0
What is the millions digit of 6673332?
6
What is the units digit of 2528863?
3
What is the tens digit of 118185?
8
What is the tens digit of 305124?
2
What is the ten thousands digit of 353204?
5
What is the thousands digit of 9931269?
1
What is the ten thousands digit of 503110?
0
What is the thousands digit of 426835?
6
What is the units digit of 256067?
7
What is the ten thousands digit of 81613?
8
What is the tens digit of 4216488?
8
What is the hundred thousands digit of 30586094?
5
What is the ten thousands digit of 1374134?
7
What is the thousands digit of 5402915?
2
What is the units digit of 413946?
6
What is the hundreds digit of 2375860?
8
What is the tens digit of 30396?
9
What is the tens digit of 26746?
4
What is the hundred thousands digit of 6253452?
2
What is the ten thousands digit of 66593?
6
What is the hundred thousands digit of 968081?
9
What is the hundreds digit of 1366080?
0
What is the hundred thousands digit of 974858?
9
What is the thousands digit of 9942325?
2
What is the ten thousands digit of 161106?
6
What is the units digit of 184171?
1
What is the hundred thousands digit of 132156?
1
What is the ten thousands digit of 283964?
8
What is the hundred thousands digit of 1194661?
1
What is the tens digit of 91694?
9
What is the tens digit of 236889?
8
What is the units digit of 24670?
0
What is the thousands digit of 1113293?
3
What is the millions digit of 35381814?
5
What is the units digit of 145002?
2
What is the thousands digit of 2220126?
0
What is the hundreds digit of 404599?
5
What is the ten thousands digit of 5846926?
4
What is the ten thousands digit of 177956?
7
What is the thousands digit of 80188?
0
What is the units digit of 3224319?
9
What is the tens digit of 6037441?
4
What is the hundred thousands digit of 534057?
5
What is the tens digit of 156633?
3
What is the tens digit of 3997779?
7
What is the ten thousands digit of 1298212?
9
What is the hundred thousands digit of 21033960?
0
What is the hundreds digit of 371339?
3
What is the tens digit of 65120?
2
What is the units digit of 110117?
7
What is the thousands digit of 23699629?
9
What is the hundreds digit of 323070?
0
What is the thousands digit of 1440327?
0
What is the hundreds digit of 4682576?
5
What is the millions digit of 2211150?
2
What is the tens digit of 1336484?
8
What is the thousands digit of 371424?
1
What is the units digit of 7950649?
9
What is the thousands digit of 813901?
3
What is the thousands digit of 4171894?
1
What is the thousands digit of 48721?
8
What is the millions digit of 6733930?
6
What is the tens digit of 3172584?
8
What is the hundred thousands digit of 196856?
1
What is the units digit of 1083304?
4
What is the ten thousands digit of 523238?
2
What is the ten thousands digit of 2963912?
6
What is the millions digit of 2404888?
2
What is the tens digit of 1818331?
3
What is the hundreds digit of 260642?
6
What is the thousands digit of 161011?
1
What is the units digit of 7288?
8
What is the hundreds digit of 1718265?
2
What is the ten thousands digit of 6304439?
0
What is the units digit of 6410?
0
What is the hundred thousands digit of 205687?
2
What is the tens digit of 2331366?
6
What is the units digit of 15518860?
0
W